te number?
True
Is 2457991 a composite number?
True
Is 69318437 a composite number?
False
Is 5715373 a prime number?
True
Is 8270251 composite?
True
Is 227081 a prime number?
True
Is 12468227 composite?
False
Is 7126429 prime?
True
Is 434779759 composite?
False
Is 21332221 composite?
False
Is 23846969 a composite number?
False
Is 89035 a prime number?
False
Is 395919893 prime?
False
Is 16919587 prime?
True
Is 15932737 a composite number?
True
Is 457039621 a prime number?
False
Is 45943507 a prime number?
True
Is 36568087 composite?
True
Is 3372269 a composite number?
False
Is 804077387 prime?
False
Is 9207949 a prime number?
False
Is 38805871 a composite number?
True
Is 5818643 composite?
False
Is 2262173 a prime number?
False
Is 26241037 composite?
False
Is 35517283 composite?
False
Is 63967 prime?
False
Is 1312247 composite?
True
Is 877967 composite?
True
Is 22942913 prime?
False
Is 65703343 a composite number?
False
Is 8710979 composite?
False
Is 75079 composite?
False
Is 644783 prime?
True
Is 1004797 a composite number?
False
Is 22808051 a prime number?
False
Is 2016577 a prime number?
True
Is 445327 a prime number?
False
Is 2309561 composite?
True
Is 173995177 a prime number?
True
Is 30462161 composite?
True
Is 117844589 a prime number?
False
Is 123653437 composite?
False
Is 5471663 a composite number?
False
Is 12952483 prime?
True
Is 80323 prime?
False
Is 2112191 composite?
False
Is 110416459 prime?
True
Is 132765601 a prime number?
False
Is 51162413 composite?
False
Is 62905103 composite?
False
Is 1766797 a composite number?
True
Is 27371251 composite?
False
Is 48460259 a prime number?
False
Is 15129949 a prime number?
False
Is 1897979 a composite number?
False
Is 67580927 composite?
True
Is 263384749 prime?
False
Is 522241 prime?
False
Is 25853519 prime?
False
Is 5994831 a prime number?
False
Is 15741811 a prime number?
True
Is 503063189 a prime number?
True
Is 592843 a composite number?
False
Is 74375243 a composite number?
True
Is 54390478 prime?
False
Is 133214143 a composite number?
True
Is 10111931 prime?
True
Is 14146787 prime?
True
Is 1509197 a composite number?
False
Is 835301 a composite number?
True
Is 5613967 prime?
True
Is 36801295 prime?
False
Is 3330143 a prime number?
False
Is 943199 composite?
False
Is 214554607 a prime number?
True
Is 261959 prime?
True
Is 1313083 composite?
False
Is 31248257 a prime number?
False
Is 2248001 a composite number?
True
Is 18503171 a prime number?
True
Is 4430071 prime?
False
Is 42361141 a composite number?
True
Is 18641789 a composite number?
False
Is 118527577 prime?
False
Is 7281863 prime?
True
Is 182077919 composite?
False
Is 1081169 a prime number?
False
Is 3087923 composite?
False
Is 4764817 composite?
True
Is 2219915 composite?
True
Is 6633701 a prime number?
True
Is 223901303 prime?
False
Is 6758461 prime?
False
Is 381302627 a composite number?
False
Is 109945663 a prime number?
False
Is 27136621 composite?
False
Is 4764139 prime?
False
Is 1134557 composite?
False
Is 267167 prime?
True
Is 830191 prime?
True
Is 1252744055 a prime number?
False
Is 30140987 a prime number?
True
Is 99204767 a prime number?
True
Is 2402441 prime?
True
Is 378796751 composite?
False
Is 1287337813 a composite number?
False
Is 9288887 a prime number?
False
Is 107341651 prime?
False
Is 17617367 prime?
True
Is 333033517 prime?
True
Is 93369407 a composite number?
True
Is 792361 prime?
False
Is 604951 a composite number?
True
Is 6156811 composite?
False
Is 149589347 a prime number?
False
Is 48481987 composite?
True
Is 56284309 composite?
False
Is 14079941 a prime number?
False
Is 193294469 prime?
True
Is 162812323 composite?
False
Is 1524629 a composite number?
False
Is 19960951 a prime number?
False
Is 36859967 composite?
False
Is 23241677 prime?
True
Is 108310141 composite?
True
Is 80387221 a composite number?
False
Is 3981083 a composite number?
True
Is 348557 composite?
True
Is 87376319 composite?
False
Is 18441887 prime?
True
Is 143961107 a composite number?
True
Is 593771 composite?
True
Is 33192547 composite?
False
Is 120199847 prime?
True
Is 152657717 prime?
True
Is 255223037 a prime number?
False
Is 1742497 prime?
True
Is 11730863 prime?
False
Is 21041758 a prime number?
False
Is 593531 composite?
False
Is 4180441 composite?
False
Is 220998991 prime?
False
Is 4579381 a composite number?
False
Is 49676398 a composite number?
True
Is 256900187 prime?
True
Is 96874853 a prime number?
True
Is 753731 a composite number?
True
Is 10774405 a composite number?
True
Is 4304891 a composite number?
False
Is 499191961 prime?
False
Is 1619507 composite?
False
Is 962303 a prime number?
True
Is 3576401 a composite number?
False
Is 3061587 a prime number?
False
Is 10454683 prime?
False
Is 94735 a prime number?
False
Is 61335905 a composite number?
True
Is 378672505 a composite number?
True
Is 100927315 a prime number?
False
Is 420328985 a composite number?
True
Is 375669813 prime?
False
Is 3048727 a composite number?
True
Is 4996841 prime?
True
Is 288967531 a composite number?
False
Is 25595551 prime?
True
Is 82580279 composite?
False
Is 136421 a composite number?
False
Is 1443427 composite?
False
Is 1690985 a prime number?
False
Is 34430783 a composite number?
False
Is 7324529 composite?
True
Is 61497187 a prime number?
True
Is 2533499 a prime number?
True
Is 63041603 composite?
False
Is 44315873 prime?
False
Is 21560657 prime?
False
Is 3850657 composite?
False
Is 327073 composite?
True
Is 593839 composite?
False
Is 299812333 prime?
False
Is 756373 a composite number?
False
Is 24600053 a prime number?
False
Is 1721649 a composite number?
True
Is 592771 a composite number?
True
Is 9742533 a prime number?
False
Is 5852329 a composite number?
True
Is 135186245 a prime number?
False
Is 15465761 prime?
True
Is 661823 a composite number?
False
Is 9907841 a prime number?
True
Is 3036437 a prime number?
False
Is 35849711 a composite number?
False
Is 700157 composite?
True
Is 8382197 a prime number?
True
Is 554538911 prime?
True
Is 86226869 prime?
True
Is 52489 a prime number?
True
Is 1753307 a composite number?
True
Is 12173773 composite?
True
Is 1475359 a composite number?
True
Is 6512627 a composite number?
True
Is 45017081 a composite number?
True
Is 1504838107 prime?
False
Is 55511517 a prime number?
False
Is 19271543 prime?
True
Is 40608259 prime?
False
Is 10771093 prime?
False
Is 279311 composite?
False
Is 122693149 a prime number?
True
Is 1829915 a composite number?
True
Is 188750605 composite?
True
Is 354694287 a composite number?
True
Is 64421507 a prime number?
False
Is 132908143 a composite number?
False
Is 4136221 composite?
False
Is 11377097 a prime number?
False
Is 3025483 composite?
True
Is 12369671 a composite number?
False
Is 1938949 composite?
False
Is 3093971 prime?
True
Is 1899419 a composite number?
False
Is 296697799 prime?
True
Is 217523 a composite number?
True
Is 8549509 a composite number?
True
Is 15065903 a prime number?
True
Is 12774649 a prime number?
True
Is 12541603 a prime number?
True
Is 1562361 prime?
False
Is 2430265 a prime number?
False
Is 176943983 prime?
True
Is 965988721 a composite number?
True
Is 41043869 prime?
True
Is 16756539 composite?
True
Is 9526373 a composite number?
True
Is 55221631 a composite number?
True
Is 52542601 a prime number?
True
Is 559631 composite?
False
Is 11163011 a composite number?
True
Is 1804141 a composite number?
True
Is 58184651 a prime number?
False
Is 33229459 a composite number?
True
Is 45291187 prime?
True
Is 235420567 prime?
True
Is 328251571 prime?
False
Is 4891429 a composite number?
False
Is 36679123 a composite number?
True
Is 66298369 a composite number?
False
Is 51139289 prime?
False
Is 20047609 prime?
True
Is 56218783 composite?
False
Is 55403347 composite?
False
Is 6675527 a composite number?
False
Is 8692833 composite?
True
Is 6832211 composite?
False
Is 210797 a composite number?
True
Is 12704905 composite?
True
Is 106585751 a prime number?
True
Is 60539079 composite?
True
Is 171118471 a composite number?
False
Is 15579047 a prime number?
False
Is 109410299 composite?
False
Is 1132393 composite?
False
Is 278801 a composite number?
False
Is 135427 prime?
True
Is 72538853 prime?
False
Is 748444741 a prime number?
False
Is 540433 a compo